525448 is divided by 831?
39
Calculate the remainder when 673757 is divided by 907.
763
What is the remainder when 1676180 is divided by 338?
38
Calculate the remainder when 410024777 is divided by 178.
175
Calculate the remainder when 762750 is divided by 270.
0
What is the remainder when 133409 is divided by 568?
497
What is the remainder when 595723 is divided by 3006?
535
What is the remainder when 2016771 is divided by 504186?
27
What is the remainder when 47725 is divided by 2996?
2785
What is the remainder when 174472 is divided by 57769?
1165
Calculate the remainder when 2231833 is divided by 229.
228
What is the remainder when 41169 is divided by 40383?
786
Calculate the remainder when 32066 is divided by 31759.
307
What is the remainder when 252735 is divided by 4955?
30
Calculate the remainder when 29044356 is divided by 14.
12
Calculate the remainder when 155179 is divided by 51713.
40
Calculate the remainder when 328848 is divided by 4131.
2499
Calculate the remainder when 37770 is divided by 1774.
516
What is the remainder when 976084 is divided by 1412?
392
Calculate the remainder when 656334 is divided by 2636.
2606
What is the remainder when 6097508 is divided by 112?
4
Calculate the remainder when 903224 is divided by 100358.
2
What is the remainder when 239693 is divided by 8539?
601
What is the remainder when 375319 is divided by 1385?
1369
Calculate the remainder when 50229680 is divided by 141492.
20
What is the remainder when 45879 is divided by 543?
267
Calculate the remainder when 1455276 is divided by 85.
76
Calculate the remainder when 442859 is divided by 239.
231
What is the remainder when 342831530 is divided by 1266?
1262
What is the remainder when 22366 is divided by 6756?
2098
What is the remainder when 234504 is divided by 21?
18
What is the remainder when 142359 is divided by 256?
23
What is the remainder when 40262 is divided by 13395?
77
Calculate the remainder when 2152273 is divided by 16947.
4
Calculate the remainder when 58970989 is divided by 47.
42
Calculate the remainder when 21964592 is divided by 37.
23
What is the remainder when 215061 is divided by 11939?
159
What is the remainder when 352110 is divided by 99?
66
What is the remainder when 1911144 is divided by 6029?
5980
Calculate the remainder when 199945 is divided by 8861.
5003
What is the remainder when 3116137 is divided by 18?
13
Calculate the remainder when 1876512 is divided by 375079.
1117
Calculate the remainder when 713787 is divided by 347.
8
What is the remainder when 8109391 is divided by 1119?
1117
Calculate the remainder when 9564813 is divided by 2302.
3
Calculate the remainder when 1232800164 is divided by 13.
11
Calculate the remainder when 23357733 is divided by 803.
69
Calculate the remainder when 2738644 is divided by 1228.
204
Calculate the remainder when 1036011 is divided by 6953.
14
What is the remainder when 4581 is divided by 159?
129
What is the remainder when 708366 is divided by 43?
27
What is the remainder when 1699925 is divided by 141?
29
Calculate the remainder when 128133 is divided by 18033.
1902
What is the remainder when 1274462 is divided by 56?
14
What is the remainder when 125884574 is divided by 1576?
1574
Calculate the remainder when 57606156 is divided by 7.
6
Calculate the remainder when 119809 is divided by 5564.
2965
Calculate the remainder when 4825196 is divided by 817.
811
Calculate the remainder when 3253917 is divided by 92969.
2
What is the remainder when 1309787 is divided by 2578?
163
Calculate the remainder when 2046006 is divided by 888.
54
What is the remainder when 10865216 is divided by 6510?
26
Calculate the remainder when 3893 is divided by 3051.
842
Calculate the remainder when 10258488 is divided by 3602.
3594
Calculate the remainder when 8543162 is divided by 51.
50
What is the remainder when 39569 is divided by 192?
17
What is the remainder when 25413957 is divided by 330051?
30
What is the remainder when 43554067 is divided by 21777030?
7
What is the remainder when 5473744 is divided by 138?
112
What is the remainder when 8852215 is divided by 20073?
22
What is the remainder when 10101071 is divided by 1122341?
2
What is the remainder when 36609 is divided by 60?
9
What is the remainder when 29085170 is divided by 4155023?
9
Calculate the remainder when 383555 is divided by 968.
227
What is the remainder when 9474376 is divided by 5903?
61
What is the remainder when 285237935 is divided by 127?
126
Calculate the remainder when 12816462 is divided by 16.
14
Calculate the remainder when 1497452 is divided by 267.
116
Calculate the remainder when 201776 is divided by 1528.
80
Calculate the remainder when 17520 is divided by 3880.
2000
Calculate the remainder when 34683502 is divided by 118.
116
Calculate the remainder when 40264 is divided by 19757.
750
What is the remainder when 574735 is divided by 1340?
1215
What is the remainder when 375136 is divided by 15?
1
Calculate the remainder when 3359052 is divided by 45392.
44
What is the remainder when 13459 is divided by 6119?
1221
What is the remainder when 929678 is divided by 929021?
657
What is the remainder when 29687557 is divided by 1145?
1142
What is the remainder when 70258 is divided by 13957?
473
What is the remainder when 385981269 is divided by 383?
380
What is the remainder when 325137 is divided by 20316?
81
Calculate the remainder when 172605 is divided by 1852.
369
What is the remainder when 6154636 is divided by 1230757?
851
What is the remainder when 3607964 is divided by 208?
204
What is the remainder when 18894735 is divided by 6298235?
30
What is the remainder when 384009 is divided by 6400?
9
Calculate the remainder when 487785 is divided by 60957.
129
Calculate the remainder when 10910 is divided by 1176.
326
Calculate the remainder when 6089734 is divided by 234212.
222
What is the remainder when 1938544 is divided by 649?
630
What is the remainder when 4792488 is divided by 42790?
8
Calculate the remainder when 386009 is divided by 48092.
1273
What is the remainder when 1021884 is divided by 63698?
2716
What is the remainder when 5702677 is divided by 656?
69
Calculate the remainder when 279022 is divided by 15499.
40
Calculate the remainder when 397316 is divided by 165.
161
Calculate the remainder when 257601953 is divided by 115.
113
Calculate the remainder when 8215058 is divided by 12836.
18
Calculate the remainder when 17771710 is divided by 61493.
233
What is the remainder when 62480 is divided by 3098?
520
What is the remainder when 409010 is divided by 2839?
194
Calculate the remainder when 13205328 is divided by 776783.
17
What is the remainder when 189645 is divided by 189614?
31
Calculate the remainder when 20936406 is divided by 4187279.
11
Calculate the remainder when 470653950 is divided by 470653949.
1
What is the remainder when 35848 is divided by 8567?
1580
Calculate the remainder when 335578 is divided by 14584.
146
What is the remainder when 80281685 is divided by 3268?
3265
What is the remainder when 42872304 is divided by 202?
26
What is the remainder when 1424561 is divided by 356131?
37
What is the remainder when 6831752 is divided by 467?
9
What is the remainder when 800706 is divided by 5522?
16
What is the remainder when 6292942 is divided by 111?
19
Calculate the remainder when 12943 is divided by 6381.
181
Calculate the remainder when 937123 is divided by 312372.
7
Calculate the remainder when 8676513 is divided by 61.
56
Calculate the remainder when 545694 is divided by 24735.
1524
What is the remainder when 2259151 is divided by 52?
11
What is the remainder when 20823 is divided by 135?
33
What is the remainder when 38890 is divided by 2412?
298
What is the remainder when 396007 is divided by 419?
52
What is the remainder when 3254277 is divided by 1322?
835
What is the remainder when 47768857 is divided by 28690?
7
Calculate the remainder when 73844758 is divided by 59.
4
What is the remainder when 2768697 is divided by 89?
85
What is the remainder when 10575358 is divided by 1080?
1078
What is the remainder when 192641 is divided by 96252?
137
Calculate the remainder when 194634 is divided by 48658.
2
What is the remainder when 1099706 is divided by 549283?
1140
Calcula